2*u + 2*r - 11 + 3. Suppose -4*p - 25 = -k, -5*k - 5*p = -2*k - 7. What is the highest common divisor of k and u?
3
Let s(k) = 3*k - 21. Let l be s(12). What is the highest common divisor of l and 60?
15
Let u be (-33)/(-9) + 2/(-3). Let k be (4 - u) + 0 + 28. Let o = k + -5. What is the greatest common divisor of 36 and o?
12
Let s = 40 + -21. Let q = s - 5. What is the greatest common divisor of q and 2?
2
Suppose -4*v - 28 = -3*p, 26 = 5*p - 4*v - 18. Let u(a) = 3*a**2 - a + 2. Let t be u(-3). What is the highest common factor of p and t?
8
Suppose 4*a - a = 0. Suppose -2*i - g = -73, a = 2*i + 5*g - 2*g - 75. Suppose -23 + 71 = 2*s. What is the greatest common divisor of s and i?
12
Let i(z) = 5*z - 3. Let o be i(1). What is the greatest common divisor of 2 and o?
2
Suppose -2*j + 1 = -3. Let t = j - -1. Let h = 0 - -3. What is the greatest common factor of t and h?
3
Let w(u) be the third derivative of 1/30*u**5 + 0*u**3 + 2*u**2 + 0 + 0*u - 3/8*u**4. Let x be w(6). What is the greatest common divisor of 27 and x?
9
Suppose -5*v - 21 = -o + 14, 3*o - 3*v = 57. Suppose 5*c = -4*g + 4, -4*g + 3 + 25 = -c. Calculate the highest common divisor of o and g.
3
Let s(t) = -t + 3. Let x be s(0). Let i be (3 - 12)*(-4)/6. Suppose i*h - 3*h - 63 = 0. Calculate the highest common factor of x and h.
3
Let x be (-3*3)/((-2)/((-280)/(-15))). What is the greatest common divisor of x and 12?
12
Let x = 58 - 40. Calculate the highest common divisor of x and 144.
18
Let l be -4*(2 + (-3)/(-4)). Let b = l - -24. Suppose -3*r + 14 + b = 0. What is the greatest common factor of 18 and r?
9
Suppose -2*u = -j, -4*u - 3*j - 16 = -j. Suppose 24 = -3*g - 3*a, 2*g - 4*a - 9 = 5. Let p be g/(-6)*u - -26. What is the greatest common divisor of 5 and p?
5
Let j(t) = -t**3 + 14*t**2 - 14*t + 24. Let c be j(12). Let b = 26 + -10. Calculate the highest common factor of b and c.
16
Let f(c) = -c + 171. Let i be f(0). Suppose 0 = 5*s - l - 278, 3*s - i = 4*l - 2*l. What is the greatest common divisor of s and 22?
11
Let f be (3 - (3 - 4))*738/8. What is the highest common divisor of 41 and f?
41
Suppose 2*c + a - 9 = 6*a, c = -2*a + 27. Calculate the greatest common factor of 34 and c.
17
Let c(y) = -14*y + 10. Let p be c(-10). Suppose -2*j = 4*j - p. Let l be 38/4 - 2/(-4). What is the greatest common factor of j and l?
5
Let q be 42/8 - 1/4. Let w = q - 4. Calculate the highest common factor of 8 and w.
1
Suppose -b = 3*j - 2*b - 2, -3*j - b = -4. Let m(u) = -2*u - 2. Let r be m(-2). What is the highest common divisor of r and j?
1
Let c be 2/(-2) + 48/24. What is the highest common factor of c and 1?
1
Suppose 4*x = 2*x - 8. Let b be 77/4 - (-1)/x. Calculate the greatest common divisor of 19 and b.
19
Let v = -52 + 82. Calculate the highest common factor of v and 10.
10
Let i(n) = n**2 - 1. Let j be i(-1). Suppose -3*y + 4*q = -5*y + 68, -5*y + 2*q + 110 = j. Calculate the highest common divisor of 16 and y.
8
Suppose -5*b = 29 - 4. Let v(t) = -t**3 + t**2 + 6*t. Let k be v(b). Calculate the highest common factor of k and 15.
15
Suppose 0 = 4*i - 3*z - 29, 2*i - 2*z = -3*i + 38. Suppose -6*x + 2*x = 12. Let t = x + 27. Calculate the greatest common divisor of i and t.
8
Suppose 5*s = 4*s + 54. Let p(z) = -2*z + 6. Let g be p(4). Let l = g + 8. What is the greatest common divisor of s and l?
6
Suppose -33 = -5*k + 57. Calculate the highest common factor of 54 and k.
18
Suppose -4*d + 5 = -3*d. Suppose 4 + 11 = d*s. Suppose -3*c = -w - 29, -25 = -3*c + 5*w - s*w. Calculate the highest common divisor of 11 and c.
11
Let v = 22 - 20. What is the highest common factor of v and 1?
1
Suppose -s - s = -4*o + 34, -5*o + 38 = -s. Let r be (-6)/(-45)*-3*-30. Let v be ((-8)/r)/(8/(-12)). What is the highest common divisor of v and o?
1
Let u = 73 + -42. Suppose 2*n - u = 29. What is the greatest common factor of n and 75?
15
Let b be (-76)/(-12) + 1/(-3). Let z be 2/b - (-210)/18. Calculate the greatest common factor of 48 and z.
12
Let f be (-1)/(-3) + (-268)/(-6). Let q = -21 + f. Calculate the highest common divisor of 16 and q.
8
Suppose 0*u = 3*u - 75. What is the greatest common divisor of u and 25?
25
Let i = 12 + -10. Suppose 74 = q + i. What is the highest common divisor of 8 and q?
8
Suppose 2*z + 4*o - 117 = -5, 2*o + 10 = 0. What is the greatest common divisor of 44 and z?
22
Suppose 5*d + 0*r = r + 24, 18 = 3*d + 3*r. Suppose 5*i = -4*y + 70, -56 = -2*i - 2*i + d*y. Calculate the greatest common factor of i and 35.
7
Suppose 4*z = -2*z + 180. Calculate the greatest common factor of z and 150.
30
Let n be ((-15)/(-10))/((-3)/(-208)). Calculate the greatest common factor of n and 39.
13
Let l be (-62)/(-4) + 2/4. Let s = 214 - 70. What is the highest common divisor of l and s?
16
Suppose 566 = -5*k - 4*f + 155, 3*k = 2*f - 229. Let d be (2/(-3))/(20/150). Let s be -3 + 0 - d - k. What is the highest common factor of 9 and s?
9
Let m = -3 + 1. Let x be -2 - (1*m + -8). Let w(h) = h**2 + 4*h + 4. Let s be w(-4). What is the greatest common divisor of s and x?
4
Let k be (-32)/(-3) + (-2)/(-6). Calculate the greatest common factor of 55 and k.
11
Let a be 0*(1 - (-2 + 2)). Suppose -5*y - 7 = -w - 1, a = 2*y. What is the greatest common divisor of 18 and w?
6
Suppose 5*m = -5*u + 220, 0*m - 118 = -2*m + 4*u. Suppose 0 = 3*n - 2*n - m. What is the highest common divisor of 7 and n?
7
Let b be (3 + 2)*-1*3. Let p be (-175)/b + 4/(-6). Calculate the highest common factor of p and 44.
11
Let h = 2 - 2. Suppose h = 5*q - q - 8. Suppose -2*k + 0*k = 4*l + 6, 2*k = 4*l + 18. Calculate the greatest common divisor of q and k.
1
Let z be ((-54)/(-12) + -5)*-242. Calculate the highest common factor of z and 22.
11
Let d(l) = -l**2 + 7*l - 7. Let f be d(5). Let v be (-4)/16 - (-98)/8. What is the highest common factor of v and f?
3
Suppose -2*s = -s + 3*k + 55, 0 = 2*s + 3*k + 95. Let c be (-1 - 0) + s/(-5). What is the highest common divisor of c and 1?
1
Let u = 8 - 3. Suppose -2*y = -u*y. Suppose y = -o - 2*o + 57. What is the greatest common factor of 19 and o?
19
Let j = -1 - -17. Suppose -310 = v + 4*v. Let a = 190 + v. Calculate the greatest common divisor of j and a.
16
Let d be 526/6 + ((-2)/(-6))/1. Let w = 23 + -12. Calculate the highest common divisor of w and d.
11
Let k be 3/(4/168*1). Let y = 0 - -8. Suppose u = 10 + y. What is the highest common divisor of k and u?
18
Suppose 2*j - 18 + 0 = -2*i, 5*j + 19 = 3*i. What is the highest common factor of i and 12?
4
Let t = 5 + -5. Suppose -o + 4*o - 42 = t. Calculate the greatest common divisor of o and 126.
14
Suppose 0 = 3*h - 2*o - 103 + 7, 5*o = -4*h + 151. What is the highest common factor of 17 and h?
17
Suppose 2*p = 5*p - 9. Let m = -6 - -18. What is the greatest common divisor of m and p?
3
Let k = 42 + -18. Suppose l = -4*b + 3*b + 6, 0 = -b - 2*l + 11. Let q be -1 - (b - 9 - 1). Calculate the greatest common factor of k and q.
8
Suppose -4*v + 66 = 5*x, 65 = 5*x + 3*v + 2*v. Calculate the greatest common divisor of 154 and x.
14
Suppose -2*f - 3*f = -130. Let o = -13 - -26. Calculate the greatest common divisor of o and f.
13
Let a = -24 - -27. What is the greatest common divisor of 27 and a?
3
Suppose -5*z - 2*d + 1615 = -d, 3*d + 987 = 3*z. Suppose 0 = 5*y, 3*c + 6*y - y - z = 0. Calculate the greatest common divisor of c and 12.
12
Suppose -56 + 11 = -3*i. Suppose -3*t + 315 = -2*n, -2*n - 420 = -2*t - 2*t. Calculate the highest common divisor of i and t.
15
Let w(m) = -2*m**3 - 51*m**2 + 23*m - 1. Let h be w(-26). Calculate the highest common divisor of 11 and h.
11
Suppose -5*y + 154 = -3*y. Calculate the highest common factor of y and 11.
11
Suppose 0*u - 2*u = -126. Let s = -97 - -104. What is the greatest common factor of s and u?
7
Let t = -96 + 156. What is the highest common factor of 40 and t?
20
Let d(u) = u**2 - 8*u + 4. Let g be d(8). Suppose 2*f + g*a = 136, 5*f - 4*f - 82 = 5*a. Calculate the greatest common divisor of f and 8.
8
Let d(v) = -3*v - 2. Let c be d(-2). Let x = c + -6. Let r be (-2 - 118/x) + -2. What is the greatest common factor of r and 11?
11
Suppose -6*q + 28 = 4. Calculate the highest common factor of q and 6.
2
Let d(y) = -y**2 - 8*y + 3. Let m be d(-8). Let h = 2 - 2. Suppo